76
Let t(j) = -7*j**3 - 25*j**2 + 643*j - 1732. Calculate t(3).
-217
Let j(z) = -6*z**3 - 454*z**2 + 1109*z - 654. What is j(1)?
-5
Let z(u) = -1445*u + 44789. What is z(31)?
-6
Let h(i) = 5*i**3 - 736*i**2 - 2865*i - 602. What is h(151)?
2
Let c(f) = -2*f**3 - 199*f**2 - 13983*f - 1309294. Calculate c(-97).
12
Let o(a) = a**3 + 41*a**2 - 6402*a + 33385. Determine o(-105).
-5
Let p(n) = -3*n**3 + 24*n**2 + 738*n + 29. Calculate p(-15).
4484
Let t(h) = -h**3 + 166*h**2 + 876*h + 108. What is t(-5)?
3
Let r(x) = x**2 - 432*x + 7781. What is r(19)?
-66
Let i(o) = 553*o**2 - 220093*o - 574. Calculate i(398).
-176
Let p(v) = 7*v**3 - 982*v**2 - 36*v + 44238. Calculate p(140).
-2
Let l(f) = -14*f**2 - 102*f - 1051. Determine l(-12).
-1843
Let b(q) = -q**3 - 10963*q**2 + 550647*q + 144. Determine b(50).
-6
Let r(c) = 142*c**2 - 4*c - 42. Give r(2).
518
Let p(o) = -250*o + 42248. Calculate p(169).
-2
Let n(g) = 37*g**2 + 8724*g - 43637. What is n(5)?
908
Let a(u) = 7*u**3 + 314*u**2 + 54*u + 4383. What is a(-45)?
-72
Let c(s) = 12074*s - 2366576. Determine c(196).
-72
Let s(h) = -h**3 + 399*h**2 - 3892*h + 707. Calculate s(389).
-71
Let q(x) = 77*x**2 - 2696*x + 179. What is q(35)?
144
Let r(k) = k**2 + 291*k + 2737. Give r(0).
2737
Let n(g) = -27380*g + 27283. Determine n(1).
-97
Let i(u) = -u**2 - 1363*u + 110974. What is i(77)?
94
Let t(h) = -h**3 + 258*h**2 - 3666*h + 5104. Calculate t(243).
1
Let q(r) = -8*r**2 - 294*r + 16227. Calculate q(-67).
13
Let q(i) = -3*i**3 + 56*i**2 + 465*i + 111. What is q(-6)?
-15
Let w(a) = 3376*a + 290371. Determine w(-86).
35
Let j(v) = -303*v + 112050. Determine j(370).
-60
Let v(n) = 383*n - 23915. Calculate v(59).
-1318
Let n(w) = w**3 + 12*w**2 - 11*w - 86. Give n(-3).
28
Let j(i) = i**3 + 280*i**2 - 511*i - 142979. Calculate j(-280).
101
Let g(x) = 3*x**2 + 936*x - 20884. Give g(23).
2231
Let p(b) = -131*b**2 - 460*b - 243. Give p(-4).
-499
Let t(m) = 4830*m - 449191. Calculate t(93).
-1
Let y(f) = 167*f**2 - 349*f + 351. What is y(1)?
169
Let n(b) = 9*b**3 + 2*b**2 - 115*b - 619. What is n(-5)?
-1119
Let n(w) = -17*w**2 - 104*w + 624. Give n(6).
-612
Let k(l) = -l**2 - 2247*l + 82836. Determine k(36).
648
Let x(p) = -7633*p + 1801364. Give x(236).
-24
Let q(j) = -65031*j - 455375. Determine q(-7).
-158
Let z(g) = -1363*g**2 + 12288*g - 185. What is z(9)?
4
Let l(n) = 3*n**2 - 115*n - 18185. Calculate l(-61).
-7
Let i(l) = l**2 - 371*l - 192656. What is i(-291)?
-14
Let g(l) = -4*l**2 + 1101*l - 8584. Give g(8).
-32
Let j(r) = -4042*r + 36364. Determine j(9).
-14
Let p(x) = 6442*x**3 - 32210*x**2 - 11*x + 29. Determine p(5).
-26
Let x(u) = 861*u + 14164. Determine x(-20).
-3056
Let a(h) = -h**2 + 179*h + 10122. Calculate a(224).
42
Let w(n) = 2684*n + 146694. Calculate w(-55).
-926
Let f(j) = -j**3 + 5*j**2 + 42*j - 214. What is f(6)?
2
Let x(c) = -1687*c - 35450. Give x(-21).
-23
Let p(c) = -c**2 + 1846*c - 20295. Determine p(11).
-110
Let m(g) = 26525*g - 822199. What is m(31)?
76
Let j(q) = 143*q**2 - 6746*q + 26. Determine j(47).
-1149
Let q(v) = -2*v**3 + 132*v**2 - 1894*v - 88. Calculate q(21).
-172
Let l(h) = 15*h**2 - 219*h - 1605. Calculate l(-8).
1107
Let m(i) = 138981*i - 6532129. Determine m(47).
-22
Let k(p) = -p**3 + 28*p**2 - 31*p + 217. Calculate k(30).
-2513
Let y(i) = -2632*i - 94687. Determine y(-36).
65
Let z(b) = -6*b**2 - 17*b + 16. Calculate z(-6).
-98
Let c(v) = -9*v**2 - 18*v + 140. What is c(-12)?
-940
Let q(k) = 2*k**3 - k**2 - 734*k + 4739. What is q(8)?
-173
Let c(p) = 723*p**2 + 40480*p - 458. What is c(-56)?
-10
Let c(z) = -5*z**3 - 7*z**2 + 111*z + 529. Determine c(-6).
691
Let f(p) = 10*p**3 + 62*p**2 + 12*p - 7. What is f(-7)?
-483
Let k(g) = -10*g**2 + 25972*g + 25973. What is k(-1)?
-9
Let s(o) = -o**2 - 213*o - 7480. What is s(-168)?
80
Let v(t) = 3646*t - 9438. Determine v(3).
1500
Let g(j) = -3*j**2 - 617*j - 30919. What is g(-86)?
-45
Let u(m) = -5*m**2 - 553*m - 5271. Calculate u(-100).
29
Let q(b) = 4*b**2 + 40*b - 1080. Determine q(20).
1320
Let g(v) = 52*v**3 - 1093*v**2 + 60*v - 959. Calculate g(21).
-140
Let u(p) = 1085*p - 297290. What is u(274)?
0
Let w(m) = 13*m**2 + 8667*m + 51558. Determine w(-6).
24
Let t(a) = -17*a**2 + 13229*a + 39681. What is t(-3)?
-159
Let q(r) = -2*r**3 + 191*r**2 + 11379*r - 1106. Give q(137).
-10
Let l(b) = 13608*b + 123252. Determine l(-9).
780
Let j(w) = -7*w**3 - 584*w**2 - 246*w + 183. Give j(-83).
-66
Let n(h) = 2154*h - 2184. Calculate n(1).
-30
Let v(b) = 107*b**2 - 108*b + 15. What is v(1)?
14
Let a(q) = -5221*q - 36937. Determine a(-8).
4831
Let j(h) = 19790*h + 7377. What is j(0)?
7377
Let f(x) = -378*x + 20622. Give f(55).
-168
Let l(q) = 3004*q - 132540. Give l(44).
-364
Let w(x) = -x**2 - 9098*x + 938369. Give w(102).
-31
Let j(v) = -1345*v - 181578. What is j(-135)?
-3
Let u(o) = 2*o**2 - 16482*o - 214603. Determine u(-13).
1
Let v(u) = u**3 - 39*u**2 + 5*u + 50. Determine v(0).
50
Let u(q) = -q**2 - 21659*q + 64999. Calculate u(3).
13
Let h(p) = 359*p - 67730. What is h(189)?
121
Let g(s) = 20*s**3 + 124*s**2 + 116*s + 580. Determine g(-6).
28
Let g(x) = x**3 - 13*x**2 + 270*x - 1838. Calculate g(8).
2
Let h(z) = -674*z**2 + 6066*z + 6. Calculate h(9).
6
Let n(r) = r**3 - 169*r**2 - 148*r - 3159. What is n(170)?
581
Let g(z) = -5697*z - 27764. Calculate g(-5).
721
Let f(i) = -3011*i - 84310. Determine f(-28).
-2
Let z(i) = -i**2 + 46*i - 528. Give z(25).
-3
Let n(u) = 8*u**3 - 64*u**2 - 8*u - 4. Calculate n(8).
-68
Let y(i) = -311550*i**2 + 3738600*i - 5. What is y(12)?
-5
Let a(j) = -3*j**2 + 1017*j + 219995. Give a(489).
-55
Let x(f) = -f**3 + 50*f**2 + 764*f - 7. What is x(-12)?
-247
Let a(v) = -v**2 - 3924*v + 4. Determine a(0).
4
Let b(u) = -5*u**2 + 715*u + 6859. Give b(152).
19
Let b(y) = -y**2 + 2994*y - 88907. Give b(30).
13
Let v(r) = 5735*r - 1066666. Calculate v(186).
44
Let v(h) = -2*h**3 + 12*h**2 + 138*h - 11. Calculate v(-7).
297
Let i(z) = -1371*z - 227519. Calculate i(-166).
67
Let r(c) = c**3 + 179*c**2 - 2097*c - 423. Calculate r(-190).
907
Let a(k) = 2*k**3 - 63*k**2 + 1748*k - 60964. Calculate a(33).
-13
Let z(x) = -492*x**3 - 31*x**2 - 51*x - 22. What is z(-1)?
490
Let k(p) = p**2 + 36642*p + 146558. Calculate k(-4).
6
Let r(o) = 673*o - 21. Calculate r(-1).
-694
Let m(k) = 2872*k - 24028. Determine m(9).
1820
Let a(z) = -262*z**2 + 18322*z - 18322. What is a(1)?
-262
Let p(o) = o**3 + 108*o**2 - 557*o + 453. Calculate p(-113).
-451
Let t(x) = 51*x - 5090. Give t(47).
-2693
Let i(z) = -z**3 - 19*z**2 - 204*z - 1389. Give i(-10).
-249
Let h(q) = -q**2 - 5550*q - 340230. Give h(-62).
26
Let d(l) = 7*l**2 + 3*l - 31. What is d(-15)?
1499
Let g(u) = -7*u**2 - 177*u - 1951. Calculate g(-14).
-845
Let r(l) = 315*l**3 - 666*l**2 + l + 144. Give r(2).
2
Let m(r) = -7561*r - 952695. Calculate m(-126).
-9
Let j(a) = a**2 + 882*a - 3583. Give j(4).
-39
Let l(r) = r**3 - 21*r**2 + 17*r + 301. Determine l(6).
-137
Let s(x) = 2037*x - 148699. What is s(73)?
2
Let y(m) = 9261*m - 146433. Calculate y(16).
1743
Let z(v) = -v**2 - 99*v + 850. Give z(-103).
438
Let u(x) = x**3 + 50*x**2 - 1523*x - 77025. Give u(-49).
3
Let f(n) = -n**2 + 216*n + 2145. Give f(-9).
120
Let n(k) = 453066*k - 2718388. Give n(6).
8
Let d(c) = 61*c**2 - 1419*c + 387. Determine d(23).
19
Let d(u) = -u**2 - 208*u - 10007. Determine d(-129).
184
Let d(k) = 53*k**2 - 2528*k - 44. What is d(48)?
724
Let s(f) = -8*f**2 + 122*f + 1247. What is s(-7)?
1
Let c(z) = -5*z**3 + 88*z**2 - 364*z + 86. Calculate c(4).
-282
Let y(r) = -99959*r - 2598945. Determine y(-26).
-11
Let g(t) = 109354*t + 4811570. What is g(-44)?
-6
Let b(h) = -h**3 + 17*h**2 - 684*h + 12624. Calculate b(18).
-12
Let l(z) = 3*z**3 + 128*z**2 - 681*z + 23. Give l(5).
193
Let c(k) = 138*k + 51214. Calculate c(-366).
706
Let h(a) = -6*a**2 + 1649*a - 45141. What is h(244)?
-1
Let y(p) = 51570*p - 51265. Give y(1).
305
Let q(i) = 656*i - 35759. Calculate q(55).
321
Let s(j) = -4*j**2 + 670*j - 5848. What is s(158)?
156
Let q(j) = -32942*j - 428253. What is q(-13)?
-7
Let g(q) = 1087*q**2 - 5*q - 59. Give g(0).
-59
Let s(o) = 3*o**2 - 124*o - 4781. Determine s(66).
103
Let h(z) = 48*z**2 - 1331*z - 384. What is h(28)?
-20
Let f(y) = -14*y**2 + 55*y - 89. Determine f(2).
-35
Let